greatest common factor of 15 and 45?
15
Calculate the highest common factor of 3404 and 460.
92
What is the greatest common divisor of 4667 and 13?
13
What is the greatest common factor of 871 and 104?
13
What is the highest common factor of 50 and 75?
25
What is the highest common factor of 2 and 22?
2
Calculate the highest common factor of 12190 and 184.
46
Calculate the greatest common factor of 17 and 697.
17
Calculate the highest common divisor of 48 and 204.
12
What is the greatest common factor of 45 and 27?
9
Calculate the highest common divisor of 64 and 192.
64
Calculate the highest common divisor of 1946 and 14.
14
What is the highest common factor of 8900 and 1068?
356
Calculate the greatest common divisor of 10 and 130.
10
Calculate the greatest common divisor of 2847 and 39.
39
What is the greatest common factor of 584 and 4234?
146
What is the highest common divisor of 1881 and 1197?
171
What is the highest common divisor of 2597 and 12243?
371
Calculate the greatest common divisor of 574 and 154.
14
Calculate the greatest common factor of 144 and 1176.
24
Calculate the greatest common factor of 2261 and 6517.
133
Calculate the greatest common divisor of 4 and 2636.
4
What is the greatest common factor of 62 and 434?
62
Calculate the highest common divisor of 91 and 14.
7
What is the highest common factor of 4 and 22?
2
Calculate the highest common divisor of 95 and 17195.
95
What is the highest common factor of 300 and 3?
3
What is the greatest common divisor of 136 and 2159?
17
Calculate the greatest common divisor of 88 and 484.
44
What is the highest common factor of 314 and 3925?
157
Calculate the greatest common factor of 108 and 378.
54
What is the highest common divisor of 68 and 16?
4
What is the greatest common divisor of 490 and 238?
14
Calculate the highest common factor of 207 and 36.
9
What is the highest common divisor of 2 and 218?
2
Calculate the greatest common divisor of 59 and 2.
1
What is the highest common divisor of 5 and 160?
5
What is the greatest common divisor of 316 and 4?
4
What is the highest common divisor of 11560 and 40?
40
Calculate the highest common factor of 1272 and 48.
24
Calculate the greatest common factor of 32 and 3024.
16
What is the greatest common factor of 25 and 15?
5
Calculate the greatest common factor of 3343 and 1.
1
What is the highest common divisor of 308 and 748?
44
Calculate the greatest common factor of 7 and 70.
7
What is the highest common divisor of 3265 and 5?
5
Calculate the highest common factor of 12 and 1308.
12
Calculate the highest common divisor of 5863 and 1001.
143
What is the highest common divisor of 9 and 174?
3
What is the highest common divisor of 999 and 63?
9
What is the greatest common divisor of 594 and 242?
22
What is the highest common divisor of 35 and 25?
5
Calculate the greatest common divisor of 1408 and 4752.
176
What is the highest common divisor of 2 and 146?
2
What is the greatest common factor of 50 and 4300?
50
Calculate the highest common factor of 18 and 207.
9
Calculate the highest common divisor of 19 and 57.
19
Calculate the greatest common factor of 2338 and 266.
14
Calculate the greatest common factor of 30 and 6.
6
What is the greatest common divisor of 253 and 22?
11
What is the greatest common factor of 34 and 170?
34
What is the highest common divisor of 1550 and 100?
50
What is the highest common factor of 16 and 128?
16
What is the greatest common divisor of 8323 and 406?
203
Calculate the greatest common divisor of 852 and 108.
12
Calculate the greatest common divisor of 289 and 34.
17
Calculate the highest common factor of 11 and 297.
11
What is the highest common divisor of 80 and 1168?
16
What is the highest common divisor of 21 and 39?
3
What is the highest common divisor of 2444 and 39?
13
What is the highest common factor of 10448 and 16?
16
Calculate the greatest common factor of 28 and 2653.
7
What is the highest common factor of 6784 and 53?
53
What is the highest common factor of 93 and 9?
3
What is the greatest common factor of 49 and 147?
49
What is the highest common factor of 4 and 1872?
4
What is the highest common factor of 3548 and 32?
4
Calculate the highest common divisor of 122 and 427.
61
Calculate the highest common factor of 1625 and 221.
13
Calculate the greatest common divisor of 1464 and 24.
24
Calculate the greatest common divisor of 27 and 1440.
9
Calculate the highest common divisor of 10 and 3025.
5
What is the highest common divisor of 68 and 34?
34
What is the greatest common divisor of 36 and 6756?
12
Calculate the greatest common divisor of 55 and 65.
5
What is the highest common factor of 144 and 936?
72
Calculate the highest common factor of 975 and 39.
39
Calculate the greatest common factor of 136 and 51.
17
Calculate the highest common divisor of 26956 and 184.
92
What is the highest common divisor of 666 and 126?
18
Calculate the highest common factor of 68 and 14297.
17
Calculate the highest common factor of 1081 and 94.
47
What is the highest common divisor of 2275 and 1400?
175
Calculate the greatest common factor of 1102 and 4.
2
Calculate the greatest common divisor of 20 and 32.
4
What is the highest common divisor of 465 and 62?
31
What is the greatest common divisor of 224 and 64?
32
What is the greatest common factor of 180 and 99?
9
What is the greatest common divisor of 204 and 24?
12
What is the highest common divisor of 31030 and 290?
290
What is the greatest common divisor of 1590 and 60?
30
What is the highest common divisor of 387 and 81?
9
What is the highest common factor of 16 and 200?
8
What is the highest common factor of 84 and 186?
6
Calculate the highest common factor of 70 and 18.
2
Calculate the greatest common divisor of 11 and 9647.
11
Calculate the highest common factor of 7208 and 408.
136
What is the greatest common divisor of 420 and 100?
20
Calculate the highest common divisor of 1118 and 208.
26
Calculate the highest common factor of 5440 and 85.
85
Calculate the highest common divisor of 6931 and 58.
29
What is the greatest common divisor of 1541 and 23?
23
Calculate the greatest common divisor of 8417 and 19.
19
Calculate the highest common factor of 88 and 56.
8
What is the highest common divisor of 4785 and 330?
165
Calculate the highest common divisor of 2360 and 40.
40
What is the greatest common factor of 7595 and 31?
31
What is the greatest common factor of 3990 and 60?
30
What is the highest common factor of 3 and 21?
3
Calculate the greatest common divisor of 40 and 5060.
20
What is the highest common factor of 216 and 576?
72
Calculate the greatest common divisor of 28 and 20804.
28
Calculate the greatest common divisor of 262 and 2.
2
What is the greatest common factor of 270 and 10?
10
What is the highest common divisor of 13 and 1417?
13
Calculate the greatest common divisor of 288 and 234.
18
What is the highest common divisor of 4343 and 86?
43
Calculate the greatest common divisor of 1 and 3907.
1
Calculate the greatest common divisor of 840 and 525.
105
Calculate the highest common factor of 330 and 37180.
110
What is the greatest common divisor of 45 and 9?
9
What is the greatest common divisor of 14 and 16450?
14
What is the highest common factor of 46 and 1909?
23
Calculate the highest common divisor of 627 and 8360.
209
Calculate the highest common factor of 3 and 15.
3
Calculate the greatest common factor of 1000 and 20.
20
What is the greatest common factor of 8 and 204?
4
What is the greatest common factor of 5660 and 40?
20
What is the highest common factor of 265 and 160?
5
What is the highest common divisor of 1404 and 52?
52
Calculate the highest common factor of 228 and 399.
57
Calculate the highest common factor of 135 and 6945.
15
Calculate the highest common factor of 981 and 9.
9
Calculate the highest common divisor of 209 and 517.
11
Calculate the greatest common divisor of 65 and 13.
13
Calculate the highest common divisor of 1012 and 220.
44
What is the greatest common divisor of 10 and 25?
5
Calculate the greatest common divisor of 186 and 62.
62
Calculate the greatest common divisor of 54 and 4.
2
What is the greatest common factor of 469 and 14?
7
What is the greatest common divisor of 22812 and 12?
12
Calcu